is -8990a + -3?
-8990d
In base 6, what is -1420 + -2405011?
-2410431
In base 13, what is -19 - -9347411?
93473c5
In base 6, what is -32550013 + -50?
-32550103
In base 15, what is 1ee317d - 2?
1ee317b
In base 8, what is 22 - 67565?
-67543
In base 14, what is -5 - -2b5872?
2b586b
In base 5, what is 201421021043 - 4?
201421021034
In base 11, what is -48 + 21601?
21564
In base 13, what is -2923 + -228?
-2b4b
In base 16, what is -3 - 8aaf5?
-8aaf8
In base 12, what is 11 + -130a2aa6?
-130a2a95
In base 5, what is -11404002 + 1?
-11404001
In base 13, what is -1b6061 - b?
-1b606c
In base 6, what is -51041021 + -1302?
-51042323
In base 8, what is -137 - -1355561?
1355422
In base 8, what is 24 + 20715?
20741
In base 6, what is 4 - 1404201500?
-1404201452
In base 13, what is -994 + 3c6a?
32a6
In base 14, what is cc30 - -66b0?
15500
In base 3, what is -110122202002022212 - -10?
-110122202002022202
In base 6, what is 13304404051 + 5?
13304404100
In base 8, what is 201 + 125447?
125650
In base 5, what is -4104132 + 24410?
-4024222
In base 6, what is -3 + 441235541?
441235534
In base 12, what is 0 + 285b7105?
285b7105
In base 11, what is 25 - 57aaaa?
-57aa85
In base 4, what is 122112213111 + 3?
122112213120
In base 10, what is -108660 + -37?
-108697
In base 14, what is -a3cc - -99c?
-9830
In base 9, what is 512 - -124556?
125168
In base 10, what is -666607 - 96?
-666703
In base 2, what is 1000001001 + -10110010110001011011?
-10110010101001010010
In base 2, what is 100011001100010101 + -101111?
100011001011100110
In base 7, what is -11141043041 - 4?
-11141043045
In base 2, what is 10 + 111101110111010111000000?
111101110111010111000010
In base 6, what is 355122 - 44151?
310531
In base 5, what is -122132 - 13012?
-140144
In base 2, what is 1010011 + 111000011010100101?
111000011011111000
In base 9, what is 206424 + 1008?
207433
In base 3, what is 10002102 + -10012000?
-2121
In base 3, what is -112 - 11111021202020?
-11111021202202
In base 13, what is -12 + 3a49471?
3a4945c
In base 14, what is -152 + -344d1?
-34643
In base 11, what is -a + -2259a?
-225a9
In base 7, what is 113 - -15135?
15251
In base 5, what is 4321 + -4102320?
-4042444
In base 9, what is -2677211 - -121?
-2677080
In base 8, what is -133327130 - 0?
-133327130
In base 14, what is -223bd - c?
-223cb
In base 14, what is -3 + 25a01c?
25a019
In base 2, what is 10110000010 + -101000000000?
-10001111110
In base 6, what is -54215 + 1051315?
553100
In base 11, what is 78665 + -92?
78583
In base 3, what is -1212102100202 + -2022?
-1212102110001
In base 5, what is -34321013 - -413?
-34320100
In base 11, what is 582 + 48?
61a
In base 14, what is 96cbc3 - -5?
96cbc8
In base 10, what is 22845 + -516?
22329
In base 7, what is 55414 + 213341?
302055
In base 5, what is 4310 - 13114404?
-13110044
In base 3, what is 222220020011 - -200?
222220020211
In base 16, what is -2319 + b09?
-1810
In base 14, what is -2 - -27ac060?
27ac05c
In base 2, what is -101011000001010000110101 - 11?
-101011000001010000111000
In base 4, what is 12311 + 131332?
210303
In base 2, what is -10111100 - -11000011011010?
11000000011110
In base 11, what is -1 + -4211060?
-4211061
In base 14, what is -143297 - -1c0?
-1430b7
In base 6, what is -15353150353 - 2?
-15353150355
In base 16, what is 4 + -235682?
-23567e
In base 5, what is -1 - 1101141412242?
-1101141412243
In base 14, what is -4 - 1415a07?
-1415a0b
In base 12, what is 14 - 30b10b?
-30b0b7
In base 12, what is -12 + 115855?
115843
In base 6, what is 32104324 + 3?
32104331
In base 16, what is -63 - -1880e?
187ab
In base 12, what is 51a77 + -142?
51935
In base 6, what is -3 + -10004043?
-10004050
In base 15, what is -453a + 6e53?
2918
In base 8, what is -4565202 - 40?
-4565242
In base 12, what is -666 + 4214?
376a
In base 7, what is -5 - 1206535233?
-1206535241
In base 11, what is 1a0a04 - -466?
1a136a
In base 14, what is 159619 - 33?
1595c6
In base 10, what is -146382 + -212?
-146594
In base 12, what is -3 - 820ab2a?
-820ab31
In base 6, what is 24145 - 20151?
3554
In base 10, what is -3 + 2252929?
2252926
In base 14, what is -36 - -680c04?
680bac
In base 9, what is 33184503 - -3?
33184506
In base 8, what is -33 + 330772?
330737
In base 3, what is 12121011 - -110111122?
200002210
In base 15, what is -282 - -5595?
5313
In base 2, what is 1010 - 1100000111?
-1011111101
In base 3, what is -210010021112000211 + 12?
-210010021112000122
In base 13, what is -4a + b7a14?
b7997
In base 4, what is 0 + 303313010010?
303313010010
In base 5, what is -3042 - 42204400?
-42212442
In base 7, what is 35 - -134400214?
134400252
In base 14, what is 8a + c9c658?
c9c704
In base 11, what is -265 - -215aaa4?
215a83a
In base 11, what is 122273a7 + -5?
122273a2
In base 14, what is -8ac3b9 - -b?
-8ac3ac
In base 7, what is -2 - 25232654?
-25232656
In base 2, what is 100011001110 + 1000110010010?
1101001100000
In base 5, what is 23421 + -443002?
-414031
In base 16, what is -262c3d - 4e?
-262c8b
In base 14, what is -1 + 19b7684?
19b7683
In base 11, what is 2 - 3724202?
-3724200
In base 12, what is 0 - -31209a?
31209a
In base 6, what is -402223 + 220?
-402003
In base 15, what is 0 + 11c410?
11c410
In base 6, what is -2 + -151120233?
-151120235
In base 7, what is 415502253 - 3?
415502250
In base 11, what is 145071 - -8a9?
14596a
In base 2, what is 1110110110 + 11010011110?
101001010100
In base 15, what is -649e061 - 4?
-649e065
In base 13, what is -1778 - -741?
-1037
In base 14, what is 4d + 52052?
520a1
In base 11, what is -20519 + -4909?
-25327
In base 12, what is -7201a2 - 32?
-720214
In base 12, what is 64b - -ab1?
1540
In base 5, what is 41220224 - 42?
41220132
In base 11, what is 1245 + 763?
19a8
In base 12, what is -a05b + 706a?
-2bb1
In base 3, what is 1200 - -11102002010121?
11102002012021
In base 2, what is 1 - -100011100001000001?
100011100001000010
In base 5, what is 40 + 121103031?
121103121
In base 14, what is 2 - 6b2dd27?
-6b2dd25
In base 10, what is -1329667 - -2?
-1329665
In base 15, what is 3e9be56 + -4?
3e9be52
In base 5, what is -101014 - -11333014?
11232000
In base 5, what is -1003331124 + -41?
-1003331220
In base 3, what is 1 - 11000020000020020?
-11000020000020012
In base 14, what is 45304241 + -2?
4530423d
In base 5, what is -433134 - -202202?
-230432
In base 4, what is 100120 - -310231?
1011011
In base 11, what is -2 + 5568804?
5568802
In base 8, what is 747 + 1172124?
1173073
In base 7, what is -253332 - -360?
-252642
In base 9, what is -36 - -13840515?
13840468
In base 11, what is 1 + -13383a47?
-13383a46
In base 11, what is -43 + -936490?
-936523
In base 2, what is -100001110000100001100001 - -11?
-100001110000100001011110
In base 15, what is -1a2 - -3dbd82?
3dbbd0
In base 10, what is 515207 + -6?
515201
In base 2, what is 10000001111 - 101100101010010110?
-101100011010000111
In base 15, what is -3ec + 172?
-27a
In base 5, what is -23 + 130030341?
130030313
In base 3, what is -2110000 + -212020101?
-221200101
In base 8, what is 5563 + 15346?
23131
In base 16, what is -1d502de + -2?
-1d502e0
In base 14, what is 11a11 + 26?
11a37
In base 10, what is 80484676 - -2?
80484678
In base 14, what is 5d - -a3c1ba?
a3c239
In base 5, what is 12003 - 2223000?
-2210442
In base 12, what is -4 - 21724049?
-21724051
In base 7, what is 344632332 - 5?
344632324
In base 5, what is 10113121134 - 4?
10113121130
In base 8, what is 147177061 - -7?
147177070
In base 14, what is -5 + 43674?
4366d
In base 7, what is 122025 + -554?
121141
In base 15, what is 4 + -aae02?
-aaded
In base 4, what is -22231113102 - 100?
-22231113202
In base 16, what is d5 + 816c0?
81795
In base 6, what is -45 + 135253203?
135253114
In base 5, what is -221 + 1232213141?
1232212420
In base 2, what is 10111001 + 11011010001011010?
11011010100010011
In base 10, what is -213 + -966127?
-966340
In base 4, what is 1133021233 + 12221?
1133100120
In base 4, what is -321121222 + 1122?
-321120100
In base 10, what is 145 - -223035?
223180
In base 8, what is 0 + -771263633?
-771263633
In base 15, what is 2cd - 2650?
-2372
In base 14, what is 8 - c2a83?
-c2a79
In base 9, what is 5 + 4163583?
4163588
In base 3, what is 212 - -21101001212220?
21101001220202
In base 8, what is 57574 - 53662?
3712
In base 4, what is 232110 + 230031?
1122201
In base 14, 